{"id":32375,"date":"2024-07-31T15:23:44","date_gmt":"2024-07-31T13:23:44","guid":{"rendered":"https:\/\/sereniorizzonti.it\/?post_type=residenza&#038;p=32375"},"modified":"2024-09-09T14:19:33","modified_gmt":"2024-09-09T12:19:33","slug":"rsa-casa-albert","status":"publish","type":"residenza","link":"https:\/\/sereniorizzonti.it\/it\/residenza\/rsa-casa-albert\/","title":{"rendered":"RSA &#8220;Casa Albert&#8221;"},"content":{"rendered":"\n<p>Nel meraviglioso paesaggio impreziosito dalle vette delle Alpi, che si specchia in un lago incontaminato, la Residenza per anziani \u201cCasa Albert\u201d offre tranquillit\u00e0 e favorisce un reale benessere per gli ospiti.<\/p>\n\n\n\n<p><br>La Residenza \u00e8 ubicata sul dolce pendio collinare della Serra ed \u00e8 una struttura architettonica funzionale, con ampi spazi interni concepiti per un soggiorno confortevole e familiare.<\/p>\n\n\n\n<p><br>La struttura \u00e8 dotata di 130 posti letto, distribuiti in spaziose e luminose camere singole e doppie dotate di balconcino, TV e bagno, arredate in modo confortevole e funzionale alle esigenze dell\u2019ospite.<\/p>\n\n\n\n<p><br>Salette TV, sale da pranzo, palestra, ambulatorio, bagni assistiti e sale polivalenti per le attivit\u00e0 di intrattenimento dell\u2019ospite (quali la lettura, la musica e l\u2019animazione) completano la struttura. Il grande giardino esterno con alberi secolari consente una fruizione libera e sicura ad ogni ospite, offrendo la possibilit\u00e0 di trascorrere le giornate soleggiate in modo piacevole.<\/p>\n\n\n\n<p><br>La residenza fornisce servizi alberghieri (di vitto e alloggio), assistenziali, ricreativi, medico-infermieristici e riabilitativi.<\/p>\n\n\n\n<p><br>Immersa nel verde, in una posizione panoramica con vista sul Lago di Viverone, la Residenza &#8220;Casa Albert&#8221; \u00e8 facilmente accessibile in auto, in treno e con i mezzi del trasporto pubblico locale.<\/p>\n\n\n\n<p><em>La struttura aderisce alla misura regionale &#8220;Buono Residenzialit\u00e0&#8221;, finanziata con fondi FSE PLUS 21-27. Il Buono Residenzialit\u00e0 \u00e8 reso possibile grazie al sostegno del Fondo sociale europeo PLUS della Regione Piemonte<\/em>.&nbsp;<\/p>\n","protected":false},"featured_media":33218,"template":"","meta":{"_acf_changed":false},"area-goegrafica-residenza":[107],"provincia-residenza":[],"regione-residenza":[69],"servizi-della-residenza":[108,109,110,111,124,112,113,114,116,117,118,119,120,121,142,122,123],"societa-rsa":[135],"stato-struttura":[57],"il-nostro-servizio":[61],"class_list":["post-32375","residenza","type-residenza","status-publish","has-post-thumbnail","hentry","area-goegrafica-residenza-italia","regione-residenza-piemonte","servizi-della-residenza-assistenza-infermieristica","servizi-della-residenza-assistenza-medica","servizi-della-residenza-assistenza-religiosa","servizi-della-residenza-attivita-ricreative","servizi-della-residenza-direttore-sanitario","servizi-della-residenza-estetista","servizi-della-residenza-fisioterapia","servizi-della-residenza-ingresso-immediato","servizi-della-residenza-parrucchiere","servizi-della-residenza-percorsi-fisioterapici-personalizzati","servizi-della-residenza-portineria","servizi-della-residenza-servizio-lavanderia","servizi-della-residenza-servizio-ristorazione-con-diete-personalizzate","servizi-della-residenza-servizio-terapeutico-riabilitativo","servizi-della-residenza-supporto-psicologico","servizi-della-residenza-terapia-occupazionale","servizi-della-residenza-trasporto-con-pulmino-attrezzato","societa-rsa-sereni-orizzonti-1","stato-struttura-attiva","il-nostro-servizio-residenze-sanitarie-per-anziani"],"acf":[],"_links":{"self":[{"href":"https:\/\/sereniorizzonti.it\/it\/wp-json\/wp\/v2\/residenza\/32375","targetHints":{"allow":["GET"]}}],"collection":[{"href":"https:\/\/sereniorizzonti.it\/it\/wp-json\/wp\/v2\/residenza"}],"about":[{"href":"https:\/\/sereniorizzonti.it\/it\/wp-json\/wp\/v2\/types\/residenza"}],"version-history":[{"count":0,"href":"https:\/\/sereniorizzonti.it\/it\/wp-json\/wp\/v2\/residenza\/32375\/revisions"}],"wp:featuredmedia":[{"embeddable":true,"href":"https:\/\/sereniorizzonti.it\/it\/wp-json\/wp\/v2\/media\/33218"}],"wp:attachment":[{"href":"https:\/\/sereniorizzonti.it\/it\/wp-json\/wp\/v2\/media?parent=32375"}],"wp:term":[{"taxonomy":"area-goegrafica-residenza","embeddable":true,"href":"https:\/\/sereniorizzonti.it\/it\/wp-json\/wp\/v2\/area-goegrafica-residenza?post=32375"},{"taxonomy":"provincia-residenza","embeddable":true,"href":"https:\/\/sereniorizzonti.it\/it\/wp-json\/wp\/v2\/provincia-residenza?post=32375"},{"taxonomy":"regione-residenza","embeddable":true,"href":"https:\/\/sereniorizzonti.it\/it\/wp-json\/wp\/v2\/regione-residenza?post=32375"},{"taxonomy":"servizi-della-residenza","embeddable":true,"href":"https:\/\/sereniorizzonti.it\/it\/wp-json\/wp\/v2\/servizi-della-residenza?post=32375"},{"taxonomy":"societa-rsa","embeddable":true,"href":"https:\/\/sereniorizzonti.it\/it\/wp-json\/wp\/v2\/societa-rsa?post=32375"},{"taxonomy":"stato-struttura","embeddable":true,"href":"https:\/\/sereniorizzonti.it\/it\/wp-json\/wp\/v2\/stato-struttura?post=32375"},{"taxonomy":"il-nostro-servizio","embeddable":true,"href":"https:\/\/sereniorizzonti.it\/it\/wp-json\/wp\/v2\/il-nostro-servizio?post=32375"}],"curies":[{"name":"wp","href":"https:\/\/api.w.org\/{rel}","templated":true}]}}

<p>Nel meraviglioso paesaggio impreziosito dalle vette delle Alpi, che si specchia in un lago incontaminato, la Residenza per anziani “Casa Albert” offre tranquillità e favorisce un reale benessere per gli ospiti.</p>



<p><br>La Residenza è ubicata sul dolce pendio collinare della Serra ed è una struttura architettonica funzionale, con ampi spazi interni concepiti per un soggiorno confortevole e familiare.</p>



<p><br>La struttura è dotata di 130 posti letto, distribuiti in spaziose e luminose camere singole e doppie dotate di balconcino, TV e bagno, arredate in modo confortevole e funzionale alle esigenze dell’ospite.</p>



<p><br>Salette TV, sale da pranzo, palestra, ambulatorio, bagni assistiti e sale polivalenti per le attività di intrattenimento dell’ospite (quali la lettura, la musica e l’animazione) completano la struttura. Il grande giardino esterno con alberi secolari consente una fruizione libera e sicura ad ogni ospite, offrendo la possibilità di trascorrere le giornate soleggiate in modo piacevole.</p>



<p><br>La residenza fornisce servizi alberghieri (di vitto e alloggio), assistenziali, ricreativi, medico-infermieristici e riabilitativi.</p>



<p><br>Immersa nel verde, in una posizione panoramica con vista sul Lago di Viverone, la Residenza &#8220;Casa Albert&#8221; è facilmente accessibile in auto, in treno e con i mezzi del trasporto pubblico locale.</p>



<p><em>La struttura aderisce alla misura regionale &#8220;Buono Residenzialità&#8221;, finanziata con fondi FSE PLUS 21-27. Il Buono Residenzialità è reso possibile grazie al sostegno del Fondo sociale europeo PLUS della Regione Piemonte</em>.&nbsp;</p>
