{"id":32344,"date":"2024-07-31T14:47:31","date_gmt":"2024-07-31T12:47:31","guid":{"rendered":"https:\/\/sereniorizzonti.it\/?post_type=residenza&#038;p=32344"},"modified":"2024-09-09T13:00:02","modified_gmt":"2024-09-09T11:00:02","slug":"residenza-gelsomino","status":"publish","type":"residenza","link":"https:\/\/sereniorizzonti.it\/it\/residenza\/residenza-gelsomino\/","title":{"rendered":"RESIDENZA &#8220;Gelsomino&#8221;"},"content":{"rendered":"\n<p>Situata di fronte al Parco Moretti, una delle oasi verdi della citt\u00e0, la Struttura di Via Podgora dispone di 48 posti letto, distribuiti in camere singole, doppie e alcune quadruple, tutte dotate di bagno e terrazzino.<\/p>\n\n\n\n<p>Dotata di sala tv, sala da pranzo e un\u2019ampia hall, la residenza offre un ambiente adatto a favorire la socializzazione tra gli ospiti e le attivit\u00e0 di animazione. Dispone inoltre di un piccolo giardino esterno.<\/p>\n\n\n\n<p>Come in tutte le strutture Sereni Orizzonti, sono garantiti i servizi medici, infermieristici e assistenziali, attivit\u00e0 di fisioterapia individuale e di gruppo, animazione.<\/p>\n\n\n\n<p>Il personale medico ed infermieristico, altamente qualificato, costituisce elemento di fiducia e tranquillit\u00e0 per gli ospiti lungodegenti, autosufficienti e non, bisognosi di assistenza e terapia fisica, di sollievo e assistenza diurna.<\/p>\n\n\n\n<p>La cucina offre piatti vari e di ottima qualit\u00e0.<\/p>\n\n\n\n<p>Per familiari e parenti, la struttura \u00e8 facilmente accessibile perch\u00e9 la zona \u00e8 dotata di numerosi parcheggi. \u00c8 inoltre ben servita dai bus del trasporto pubblico urbano.<br>La struttura \u00e8 inoltre convenzionata con alcune associazioni per il trasporto degli ospiti per le visite mediche esterne.<\/p>\n","protected":false},"featured_media":33105,"template":"","meta":{"_acf_changed":false},"area-goegrafica-residenza":[107],"provincia-residenza":[],"regione-residenza":[65],"servizi-della-residenza":[108,109,110,111,124,112,113,114,116,117,118,119,120,121,142,122,123],"societa-rsa":[135],"stato-struttura":[57],"il-nostro-servizio":[61,60],"class_list":["post-32344","residenza","type-residenza","status-publish","has-post-thumbnail","hentry","area-goegrafica-residenza-italia","regione-residenza-friuli-venezia-giulia","servizi-della-residenza-assistenza-infermieristica","servizi-della-residenza-assistenza-medica","servizi-della-residenza-assistenza-religiosa","servizi-della-residenza-attivita-ricreative","servizi-della-residenza-direttore-sanitario","servizi-della-residenza-estetista","servizi-della-residenza-fisioterapia","servizi-della-residenza-ingresso-immediato","servizi-della-residenza-parrucchiere","servizi-della-residenza-percorsi-fisioterapici-personalizzati","servizi-della-residenza-portineria","servizi-della-residenza-servizio-lavanderia","servizi-della-residenza-servizio-ristorazione-con-diete-personalizzate","servizi-della-residenza-servizio-terapeutico-riabilitativo","servizi-della-residenza-supporto-psicologico","servizi-della-residenza-terapia-occupazionale","servizi-della-residenza-trasporto-con-pulmino-attrezzato","societa-rsa-sereni-orizzonti-1","stato-struttura-attiva","il-nostro-servizio-residenze-sanitarie-per-anziani","il-nostro-servizio-strutture-per-disabili"],"acf":[],"_links":{"self":[{"href":"https:\/\/sereniorizzonti.it\/it\/wp-json\/wp\/v2\/residenza\/32344","targetHints":{"allow":["GET"]}}],"collection":[{"href":"https:\/\/sereniorizzonti.it\/it\/wp-json\/wp\/v2\/residenza"}],"about":[{"href":"https:\/\/sereniorizzonti.it\/it\/wp-json\/wp\/v2\/types\/residenza"}],"version-history":[{"count":0,"href":"https:\/\/sereniorizzonti.it\/it\/wp-json\/wp\/v2\/residenza\/32344\/revisions"}],"wp:featuredmedia":[{"embeddable":true,"href":"https:\/\/sereniorizzonti.it\/it\/wp-json\/wp\/v2\/media\/33105"}],"wp:attachment":[{"href":"https:\/\/sereniorizzonti.it\/it\/wp-json\/wp\/v2\/media?parent=32344"}],"wp:term":[{"taxonomy":"area-goegrafica-residenza","embeddable":true,"href":"https:\/\/sereniorizzonti.it\/it\/wp-json\/wp\/v2\/area-goegrafica-residenza?post=32344"},{"taxonomy":"provincia-residenza","embeddable":true,"href":"https:\/\/sereniorizzonti.it\/it\/wp-json\/wp\/v2\/provincia-residenza?post=32344"},{"taxonomy":"regione-residenza","embeddable":true,"href":"https:\/\/sereniorizzonti.it\/it\/wp-json\/wp\/v2\/regione-residenza?post=32344"},{"taxonomy":"servizi-della-residenza","embeddable":true,"href":"https:\/\/sereniorizzonti.it\/it\/wp-json\/wp\/v2\/servizi-della-residenza?post=32344"},{"taxonomy":"societa-rsa","embeddable":true,"href":"https:\/\/sereniorizzonti.it\/it\/wp-json\/wp\/v2\/societa-rsa?post=32344"},{"taxonomy":"stato-struttura","embeddable":true,"href":"https:\/\/sereniorizzonti.it\/it\/wp-json\/wp\/v2\/stato-struttura?post=32344"},{"taxonomy":"il-nostro-servizio","embeddable":true,"href":"https:\/\/sereniorizzonti.it\/it\/wp-json\/wp\/v2\/il-nostro-servizio?post=32344"}],"curies":[{"name":"wp","href":"https:\/\/api.w.org\/{rel}","templated":true}]}}

<p>Situata di fronte al Parco Moretti, una delle oasi verdi della città, la Struttura di Via Podgora dispone di 48 posti letto, distribuiti in camere singole, doppie e alcune quadruple, tutte dotate di bagno e terrazzino.</p>



<p>Dotata di sala tv, sala da pranzo e un’ampia hall, la residenza offre un ambiente adatto a favorire la socializzazione tra gli ospiti e le attività di animazione. Dispone inoltre di un piccolo giardino esterno.</p>



<p>Come in tutte le strutture Sereni Orizzonti, sono garantiti i servizi medici, infermieristici e assistenziali, attività di fisioterapia individuale e di gruppo, animazione.</p>



<p>Il personale medico ed infermieristico, altamente qualificato, costituisce elemento di fiducia e tranquillità per gli ospiti lungodegenti, autosufficienti e non, bisognosi di assistenza e terapia fisica, di sollievo e assistenza diurna.</p>



<p>La cucina offre piatti vari e di ottima qualità.</p>



<p>Per familiari e parenti, la struttura è facilmente accessibile perché la zona è dotata di numerosi parcheggi. È inoltre ben servita dai bus del trasporto pubblico urbano.<br>La struttura è inoltre convenzionata con alcune associazioni per il trasporto degli ospiti per le visite mediche esterne.</p>
