{"id":30659,"date":"2024-05-24T11:50:07","date_gmt":"2024-05-24T09:50:07","guid":{"rendered":"https:\/\/sereniorizzonti.it\/?post_type=residenza&#038;p=30659"},"modified":"2025-09-03T14:29:51","modified_gmt":"2025-09-03T12:29:51","slug":"crsa-valleverde","status":"publish","type":"residenza","link":"https:\/\/sereniorizzonti.it\/it\/residenza\/crsa-valleverde\/","title":{"rendered":"RESIDENZA &#8220;Le Meridiane&#8221;"},"content":{"rendered":"\n<p>Collocata in posizione baricentrica rispetto a tutta la Bassa Friulana, la Residenza protetta &#8220;Le Meridiane&#8221; di Aiello del Friuli si sviluppa su tre piani e pu\u00f2 accogliere fino a 118 ospiti non autosufficienti in camere singole e doppie, tutte con bagno personale.<\/p>\n\n\n\n<p>Ogni nucleo \u00e8 caratterizzato da arredi e colori diversi, cos\u00ec da permettere un pi\u00f9 facile orientamento alle persone affette da demenza senile. La struttura fornisce il servizio alberghiero, assistenziale e infermieristico, l&#8217;assistenza medica, la riabilitazione fisioterapica e un curatissimo programma giornaliero di animazione.<\/p>\n\n\n\n<p>La RSA &#8220;Le Meridiane&#8221; \u00e8 dotata di ambulatorio, palestra attrezzata, locale adibito a culto nonch\u00e9 di un ufficio riservato ai Servizi sociali territoriali per gli incontri con le famiglie degli ospiti. Dispone inoltre di un giardino ampio e curato nonch\u00e9 di un vasto parcheggio.<\/p>\n","protected":false},"featured_media":31329,"template":"","meta":{"_acf_changed":false},"area-goegrafica-residenza":[107],"provincia-residenza":[101],"regione-residenza":[65],"servizi-della-residenza":[108,109,110,111,112,113,114,115,116,117,118,119,120,121,122,123],"societa-rsa":[135],"stato-struttura":[57],"il-nostro-servizio":[60],"class_list":["post-30659","residenza","type-residenza","status-publish","has-post-thumbnail","hentry","area-goegrafica-residenza-italia","provincia-residenza-udine-friuli-venezia-giulia","regione-residenza-friuli-venezia-giulia","servizi-della-residenza-assistenza-infermieristica","servizi-della-residenza-assistenza-medica","servizi-della-residenza-assistenza-religiosa","servizi-della-residenza-attivita-ricreative","servizi-della-residenza-estetista","servizi-della-residenza-fisioterapia","servizi-della-residenza-ingresso-immediato","servizi-della-residenza-musicoterapia","servizi-della-residenza-parrucchiere","servizi-della-residenza-percorsi-fisioterapici-personalizzati","servizi-della-residenza-portineria","servizi-della-residenza-servizio-lavanderia","servizi-della-residenza-servizio-ristorazione-con-diete-personalizzate","servizi-della-residenza-servizio-terapeutico-riabilitativo","servizi-della-residenza-terapia-occupazionale","servizi-della-residenza-trasporto-con-pulmino-attrezzato","societa-rsa-sereni-orizzonti-1","stato-struttura-attiva","il-nostro-servizio-strutture-per-disabili"],"acf":[],"_links":{"self":[{"href":"https:\/\/sereniorizzonti.it\/it\/wp-json\/wp\/v2\/residenza\/30659","targetHints":{"allow":["GET"]}}],"collection":[{"href":"https:\/\/sereniorizzonti.it\/it\/wp-json\/wp\/v2\/residenza"}],"about":[{"href":"https:\/\/sereniorizzonti.it\/it\/wp-json\/wp\/v2\/types\/residenza"}],"version-history":[{"count":1,"href":"https:\/\/sereniorizzonti.it\/it\/wp-json\/wp\/v2\/residenza\/30659\/revisions"}],"predecessor-version":[{"id":42012,"href":"https:\/\/sereniorizzonti.it\/it\/wp-json\/wp\/v2\/residenza\/30659\/revisions\/42012"}],"wp:featuredmedia":[{"embeddable":true,"href":"https:\/\/sereniorizzonti.it\/it\/wp-json\/wp\/v2\/media\/31329"}],"wp:attachment":[{"href":"https:\/\/sereniorizzonti.it\/it\/wp-json\/wp\/v2\/media?parent=30659"}],"wp:term":[{"taxonomy":"area-goegrafica-residenza","embeddable":true,"href":"https:\/\/sereniorizzonti.it\/it\/wp-json\/wp\/v2\/area-goegrafica-residenza?post=30659"},{"taxonomy":"provincia-residenza","embeddable":true,"href":"https:\/\/sereniorizzonti.it\/it\/wp-json\/wp\/v2\/provincia-residenza?post=30659"},{"taxonomy":"regione-residenza","embeddable":true,"href":"https:\/\/sereniorizzonti.it\/it\/wp-json\/wp\/v2\/regione-residenza?post=30659"},{"taxonomy":"servizi-della-residenza","embeddable":true,"href":"https:\/\/sereniorizzonti.it\/it\/wp-json\/wp\/v2\/servizi-della-residenza?post=30659"},{"taxonomy":"societa-rsa","embeddable":true,"href":"https:\/\/sereniorizzonti.it\/it\/wp-json\/wp\/v2\/societa-rsa?post=30659"},{"taxonomy":"stato-struttura","embeddable":true,"href":"https:\/\/sereniorizzonti.it\/it\/wp-json\/wp\/v2\/stato-struttura?post=30659"},{"taxonomy":"il-nostro-servizio","embeddable":true,"href":"https:\/\/sereniorizzonti.it\/it\/wp-json\/wp\/v2\/il-nostro-servizio?post=30659"}],"curies":[{"name":"wp","href":"https:\/\/api.w.org\/{rel}","templated":true}]}}

<p>Collocata in posizione baricentrica rispetto a tutta la Bassa Friulana, la Residenza protetta &#8220;Le Meridiane&#8221; di Aiello del Friuli si sviluppa su tre piani e può accogliere fino a 118 ospiti non autosufficienti in camere singole e doppie, tutte con bagno personale.</p>



<p>Ogni nucleo è caratterizzato da arredi e colori diversi, così da permettere un più facile orientamento alle persone affette da demenza senile. La struttura fornisce il servizio alberghiero, assistenziale e infermieristico, l&#8217;assistenza medica, la riabilitazione fisioterapica e un curatissimo programma giornaliero di animazione.</p>



<p>La RSA &#8220;Le Meridiane&#8221; è dotata di ambulatorio, palestra attrezzata, locale adibito a culto nonché di un ufficio riservato ai Servizi sociali territoriali per gli incontri con le famiglie degli ospiti. Dispone inoltre di un giardino ampio e curato nonché di un vasto parcheggio.</p>
