{"id":32406,"date":"2024-07-31T20:57:34","date_gmt":"2024-07-31T18:57:34","guid":{"rendered":"https:\/\/sereniorizzonti.it\/?post_type=residenza&#038;p=32406"},"modified":"2024-09-09T14:22:28","modified_gmt":"2024-09-09T12:22:28","slug":"rsa-villa-i-pitti","status":"publish","type":"residenza","link":"https:\/\/sereniorizzonti.it\/es\/residenza\/rsa-villa-i-pitti\/","title":{"rendered":"RSA \"Villa I Pitti"},"content":{"rendered":"<p>La residencia \"Villa I Pitti\" funciona en el sector sanitario desde 1993 y se cre\u00f3 como centro de atenci\u00f3n a ancianos no autosuficientes, tanto para estancias de larga duraci\u00f3n como para ingresos de urgencia o socorro.<\/p>\n\n\n\n<p>Villa I Pitti es un complejo arquitect\u00f3nico de gran magnificencia, un edificio del siglo XVIII perfectamente restaurado con un gran parque y un exuberante jard\u00edn italiano.&nbsp;<\/p>\n\n\n\n<p>La residencia cuenta con un total de 72 camas en convenio con la autoridad sanitaria y diversas zonas comunes que permiten a los usuarios convivir en perfecta armon\u00eda tanto con los gestores como con el resto de hu\u00e9spedes.&nbsp;<\/p>\n\n\n\n<p>Las habitaciones est\u00e1n equipadas para contrarrestar los principales problemas de salud y con especial atenci\u00f3n a las necesidades de los hu\u00e9spedes. Cada habitaci\u00f3n est\u00e1 equipada con cuarto de ba\u00f1o, tel\u00e9fono, instalaciones para llamadas, circuito de audio, sistema de seguridad y sistema de televisi\u00f3n.<\/p>\n\n\n\n<p>Cada planta de la residencia cuenta con dos enfermer\u00edas, salas para actividades de animaci\u00f3n, recepci\u00f3n de familiares, ba\u00f1os asistidos, servicios de podolog\u00eda y peluquer\u00eda.<\/p>\n\n\n\n<p>En el edificio contiguo a la instalaci\u00f3n principal hay un gran gimnasio equipado para todas las actividades de rehabilitaci\u00f3n.<\/p>\n\n\n\n<p>En el interior de Villa I Pitti hay una bonita y acogedora capilla para servicios religiosos donde se celebra la Santa Misa todas las semanas.<\/p>","protected":false},"featured_media":33289,"template":"","meta":{"_acf_changed":false},"area-goegrafica-residenza":[107],"provincia-residenza":[],"regione-residenza":[72],"servizi-della-residenza":[108,109,110,111,112,113,114,116,118,119,120,121],"societa-rsa":[135],"stato-struttura":[57],"il-nostro-servizio":[61,60],"class_list":["post-32406","residenza","type-residenza","status-publish","has-post-thumbnail","hentry","area-goegrafica-residenza-italia","regione-residenza-toscana","servizi-della-residenza-assistenza-infermieristica","servizi-della-residenza-assistenza-medica","servizi-della-residenza-assistenza-religiosa","servizi-della-residenza-attivita-ricreative","servizi-della-residenza-estetista","servizi-della-residenza-fisioterapia","servizi-della-residenza-ingresso-immediato","servizi-della-residenza-parrucchiere","servizi-della-residenza-portineria","servizi-della-residenza-servizio-lavanderia","servizi-della-residenza-servizio-ristorazione-con-diete-personalizzate","servizi-della-residenza-servizio-terapeutico-riabilitativo","societa-rsa-sereni-orizzonti-1","stato-struttura-attiva","il-nostro-servizio-residenze-sanitarie-per-anziani","il-nostro-servizio-strutture-per-disabili"],"acf":[],"_links":{"self":[{"href":"https:\/\/sereniorizzonti.it\/es\/wp-json\/wp\/v2\/residenza\/32406","targetHints":{"allow":["GET"]}}],"collection":[{"href":"https:\/\/sereniorizzonti.it\/es\/wp-json\/wp\/v2\/residenza"}],"about":[{"href":"https:\/\/sereniorizzonti.it\/es\/wp-json\/wp\/v2\/types\/residenza"}],"version-history":[{"count":0,"href":"https:\/\/sereniorizzonti.it\/es\/wp-json\/wp\/v2\/residenza\/32406\/revisions"}],"wp:featuredmedia":[{"embeddable":true,"href":"https:\/\/sereniorizzonti.it\/es\/wp-json\/wp\/v2\/media\/33289"}],"wp:attachment":[{"href":"https:\/\/sereniorizzonti.it\/es\/wp-json\/wp\/v2\/media?parent=32406"}],"wp:term":[{"taxonomy":"area-goegrafica-residenza","embeddable":true,"href":"https:\/\/sereniorizzonti.it\/es\/wp-json\/wp\/v2\/area-goegrafica-residenza?post=32406"},{"taxonomy":"provincia-residenza","embeddable":true,"href":"https:\/\/sereniorizzonti.it\/es\/wp-json\/wp\/v2\/provincia-residenza?post=32406"},{"taxonomy":"regione-residenza","embeddable":true,"href":"https:\/\/sereniorizzonti.it\/es\/wp-json\/wp\/v2\/regione-residenza?post=32406"},{"taxonomy":"servizi-della-residenza","embeddable":true,"href":"https:\/\/sereniorizzonti.it\/es\/wp-json\/wp\/v2\/servizi-della-residenza?post=32406"},{"taxonomy":"societa-rsa","embeddable":true,"href":"https:\/\/sereniorizzonti.it\/es\/wp-json\/wp\/v2\/societa-rsa?post=32406"},{"taxonomy":"stato-struttura","embeddable":true,"href":"https:\/\/sereniorizzonti.it\/es\/wp-json\/wp\/v2\/stato-struttura?post=32406"},{"taxonomy":"il-nostro-servizio","embeddable":true,"href":"https:\/\/sereniorizzonti.it\/es\/wp-json\/wp\/v2\/il-nostro-servizio?post=32406"}],"curies":[{"name":"wp","href":"https:\/\/api.w.org\/{rel}","templated":true}]}}

<p>La residencia "Villa I Pitti" funciona en el sector sanitario desde 1993 y se creó como centro de atención a ancianos no autosuficientes, tanto para estancias de larga duración como para ingresos de urgencia o socorro.</p>



<p>Villa I Pitti es un complejo arquitectónico de gran magnificencia, un edificio del siglo XVIII perfectamente restaurado con un gran parque y un exuberante jardín italiano.&nbsp;</p>



<p>La residencia cuenta con un total de 72 camas en convenio con la autoridad sanitaria y diversas zonas comunes que permiten a los usuarios convivir en perfecta armonía tanto con los gestores como con el resto de huéspedes.&nbsp;</p>



<p>Las habitaciones están equipadas para contrarrestar los principales problemas de salud y con especial atención a las necesidades de los huéspedes. Cada habitación está equipada con cuarto de baño, teléfono, instalaciones para llamadas, circuito de audio, sistema de seguridad y sistema de televisión.</p>



<p>Cada planta de la residencia cuenta con dos enfermerías, salas para actividades de animación, recepción de familiares, baños asistidos, servicios de podología y peluquería.</p>



<p>En el edificio contiguo a la instalación principal hay un gran gimnasio equipado para todas las actividades de rehabilitación.</p>



<p>En el interior de Villa I Pitti hay una bonita y acogedora capilla para servicios religiosos donde se celebra la Santa Misa todas las semanas.</p>
