{"id":32387,"date":"2024-07-31T20:36:45","date_gmt":"2024-07-31T18:36:45","guid":{"rendered":"https:\/\/sereniorizzonti.it\/?post_type=residenza&#038;p=32387"},"modified":"2024-09-09T14:19:51","modified_gmt":"2024-09-09T12:19:51","slug":"rsa-alberto-dalmasso","status":"publish","type":"residenza","link":"https:\/\/sereniorizzonti.it\/es\/residenza\/rsa-alberto-dalmasso\/","title":{"rendered":"RSA 'Alberto Dalmasso"},"content":{"rendered":"<p>Construido seg\u00fan los \u00faltimos est\u00e1ndares de dom\u00f3tica, en un terreno de 4.500 metros cuadrados, el centro sociosanitario \"Alberto Dalmasso\" de Vinovo ofrece un entorno adaptado a todas las necesidades.<\/p>\n\n\n\n<p>El centro dispone de 120 camas, divididas en 6 n\u00facleos seg\u00fan las necesidades de atenci\u00f3n del usuario, y puede alojar a hu\u00e9spedes autosuficientes, no autosuficientes e incluso totalmente no autosuficientes.<\/p>\n\n\n\n<p>El n\u00facleo dedicado a los hu\u00e9spedes autosuficientes est\u00e1 reservado a las personas mayores aut\u00f3nomas que desean vivir en comunidad con todas las comodidades de la instalaci\u00f3n y la posibilidad de participar en actividades organizadas (desde animaci\u00f3n hasta fisioterapia), con la seguridad de tener cerca personal formado en caso de necesidad.<\/p>\n\n\n\n<p>La residencia est\u00e1 equipada con todas las comodidades y salas comunes para socializar y garantiza cuidados de enfermer\u00eda las 24 horas del d\u00eda, as\u00ed como supervisi\u00f3n m\u00e9dica constante, fisioterapia, apoyo en las actividades diarias, higiene y cuidados personales.<\/p>\n\n\n\n<p>Para garantizar una alta calidad de vida y estimular la socializaci\u00f3n, la residencia organiza un rico programa de entretenimiento con actividades recreativas y creativas.<\/p>\n\n\n\n<p>Los hu\u00e9spedes tambi\u00e9n pueden disfrutar con seguridad de una zona verde exterior protegida en un bello entorno ajardinado.<\/p>\n\n\n\n<p>El establecimiento, situado a unos 10 km de Tur\u00edn, se encuentra en un entorno tranquilo para garantizar la serenidad de los hu\u00e9spedes, pero es f\u00e1cilmente accesible y est\u00e1 comunicado por transporte p\u00fablico.<em>La instalaci\u00f3n se adhiere a la medida regional \"Bono de Residencialidad\", financiada con fondos del FSE PLUS 21-27. El Bono de Residencialidad es posible gracias al apoyo del Fondo Social Europeo PLUS de la Regi\u00f3n del Piamonte.<\/em>.&nbsp;<\/p>","protected":false},"featured_media":33213,"template":"","meta":{"_acf_changed":false},"area-goegrafica-residenza":[107],"provincia-residenza":[],"regione-residenza":[69],"servizi-della-residenza":[108,109,110,124,112,113,114,116,117,118,119,120,121,142],"societa-rsa":[135],"stato-struttura":[57],"il-nostro-servizio":[61],"class_list":["post-32387","residenza","type-residenza","status-publish","has-post-thumbnail","hentry","area-goegrafica-residenza-italia","regione-residenza-piemonte","servizi-della-residenza-assistenza-infermieristica","servizi-della-residenza-assistenza-medica","servizi-della-residenza-assistenza-religiosa","servizi-della-residenza-direttore-sanitario","servizi-della-residenza-estetista","servizi-della-residenza-fisioterapia","servizi-della-residenza-ingresso-immediato","servizi-della-residenza-parrucchiere","servizi-della-residenza-percorsi-fisioterapici-personalizzati","servizi-della-residenza-portineria","servizi-della-residenza-servizio-lavanderia","servizi-della-residenza-servizio-ristorazione-con-diete-personalizzate","servizi-della-residenza-servizio-terapeutico-riabilitativo","servizi-della-residenza-supporto-psicologico","societa-rsa-sereni-orizzonti-1","stato-struttura-attiva","il-nostro-servizio-residenze-sanitarie-per-anziani"],"acf":[],"_links":{"self":[{"href":"https:\/\/sereniorizzonti.it\/es\/wp-json\/wp\/v2\/residenza\/32387","targetHints":{"allow":["GET"]}}],"collection":[{"href":"https:\/\/sereniorizzonti.it\/es\/wp-json\/wp\/v2\/residenza"}],"about":[{"href":"https:\/\/sereniorizzonti.it\/es\/wp-json\/wp\/v2\/types\/residenza"}],"version-history":[{"count":0,"href":"https:\/\/sereniorizzonti.it\/es\/wp-json\/wp\/v2\/residenza\/32387\/revisions"}],"wp:featuredmedia":[{"embeddable":true,"href":"https:\/\/sereniorizzonti.it\/es\/wp-json\/wp\/v2\/media\/33213"}],"wp:attachment":[{"href":"https:\/\/sereniorizzonti.it\/es\/wp-json\/wp\/v2\/media?parent=32387"}],"wp:term":[{"taxonomy":"area-goegrafica-residenza","embeddable":true,"href":"https:\/\/sereniorizzonti.it\/es\/wp-json\/wp\/v2\/area-goegrafica-residenza?post=32387"},{"taxonomy":"provincia-residenza","embeddable":true,"href":"https:\/\/sereniorizzonti.it\/es\/wp-json\/wp\/v2\/provincia-residenza?post=32387"},{"taxonomy":"regione-residenza","embeddable":true,"href":"https:\/\/sereniorizzonti.it\/es\/wp-json\/wp\/v2\/regione-residenza?post=32387"},{"taxonomy":"servizi-della-residenza","embeddable":true,"href":"https:\/\/sereniorizzonti.it\/es\/wp-json\/wp\/v2\/servizi-della-residenza?post=32387"},{"taxonomy":"societa-rsa","embeddable":true,"href":"https:\/\/sereniorizzonti.it\/es\/wp-json\/wp\/v2\/societa-rsa?post=32387"},{"taxonomy":"stato-struttura","embeddable":true,"href":"https:\/\/sereniorizzonti.it\/es\/wp-json\/wp\/v2\/stato-struttura?post=32387"},{"taxonomy":"il-nostro-servizio","embeddable":true,"href":"https:\/\/sereniorizzonti.it\/es\/wp-json\/wp\/v2\/il-nostro-servizio?post=32387"}],"curies":[{"name":"wp","href":"https:\/\/api.w.org\/{rel}","templated":true}]}}

<p>Construido según los últimos estándares de domótica, en un terreno de 4.500 metros cuadrados, el centro sociosanitario "Alberto Dalmasso" de Vinovo ofrece un entorno adaptado a todas las necesidades.</p>



<p>El centro dispone de 120 camas, divididas en 6 núcleos según las necesidades de atención del usuario, y puede alojar a huéspedes autosuficientes, no autosuficientes e incluso totalmente no autosuficientes.</p>



<p>El núcleo dedicado a los huéspedes autosuficientes está reservado a las personas mayores autónomas que desean vivir en comunidad con todas las comodidades de la instalación y la posibilidad de participar en actividades organizadas (desde animación hasta fisioterapia), con la seguridad de tener cerca personal formado en caso de necesidad.</p>



<p>La residencia está equipada con todas las comodidades y salas comunes para socializar y garantiza cuidados de enfermería las 24 horas del día, así como supervisión médica constante, fisioterapia, apoyo en las actividades diarias, higiene y cuidados personales.</p>



<p>Para garantizar una alta calidad de vida y estimular la socialización, la residencia organiza un rico programa de entretenimiento con actividades recreativas y creativas.</p>



<p>Los huéspedes también pueden disfrutar con seguridad de una zona verde exterior protegida en un bello entorno ajardinado.</p>



<p>El establecimiento, situado a unos 10 km de Turín, se encuentra en un entorno tranquilo para garantizar la serenidad de los huéspedes, pero es fácilmente accesible y está comunicado por transporte público.<em>La instalación se adhiere a la medida regional "Bono de Residencialidad", financiada con fondos del FSE PLUS 21-27. El Bono de Residencialidad es posible gracias al apoyo del Fondo Social Europeo PLUS de la Región del Piamonte.</em>.&nbsp;</p>
