{"id":32344,"date":"2024-07-31T14:47:31","date_gmt":"2024-07-31T12:47:31","guid":{"rendered":"https:\/\/sereniorizzonti.it\/?post_type=residenza&#038;p=32344"},"modified":"2024-09-09T13:00:02","modified_gmt":"2024-09-09T11:00:02","slug":"residenza-gelsomino","status":"publish","type":"residenza","link":"https:\/\/sereniorizzonti.it\/es\/residenza\/residenza-gelsomino\/","title":{"rendered":"RESIDENCIA 'Jazm\u00edn"},"content":{"rendered":"<p>Situado frente al Parque Moretti, uno de los oasis verdes de la ciudad, el establecimiento de Via Podgora dispone de 48 plazas, distribuidas en habitaciones individuales, dobles y algunas cu\u00e1druples, todas con ba\u00f1o y una peque\u00f1a terraza.<\/p>\n\n\n\n<p>Equipada con una sala de TV, un comedor y un gran sal\u00f3n, la residencia ofrece un entorno adecuado para que los hu\u00e9spedes socialicen y para actividades de entretenimiento. Tambi\u00e9n cuenta con un peque\u00f1o jard\u00edn exterior.<\/p>\n\n\n\n<p>Como en todas las instalaciones de Sereni Orizzonti, los servicios m\u00e9dicos, de enfermer\u00eda y de cuidados, la fisioterapia individual y de grupo y la animaci\u00f3n est\u00e1n garantizados.<\/p>\n\n\n\n<p>El personal m\u00e9dico y de enfermer\u00eda altamente cualificado es un elemento de confianza y tranquilidad para los residentes de larga estancia, tanto autosuficientes como no autosuficientes, que necesitan cuidados y fisioterapia, respiro y atenci\u00f3n diurna.<\/p>\n\n\n\n<p>La cocina ofrece diversos platos de excelente calidad.<\/p>\n\n\n\n<p>Para los familiares y allegados, el centro es f\u00e1cilmente accesible porque la zona dispone de muchas plazas de aparcamiento. Tambi\u00e9n est\u00e1 bien comunicado por autobuses de transporte p\u00fablico.<br>El centro tambi\u00e9n tiene un acuerdo con algunas asociaciones para transportar a los hu\u00e9spedes a reconocimientos m\u00e9dicos externos.<\/p>","protected":false},"featured_media":33105,"template":"","meta":{"_acf_changed":false},"area-goegrafica-residenza":[107],"provincia-residenza":[],"regione-residenza":[65],"servizi-della-residenza":[108,109,110,111,124,112,113,114,116,117,118,119,120,121,142,122,123],"societa-rsa":[135],"stato-struttura":[57],"il-nostro-servizio":[61,60],"class_list":["post-32344","residenza","type-residenza","status-publish","has-post-thumbnail","hentry","area-goegrafica-residenza-italia","regione-residenza-friuli-venezia-giulia","servizi-della-residenza-assistenza-infermieristica","servizi-della-residenza-assistenza-medica","servizi-della-residenza-assistenza-religiosa","servizi-della-residenza-attivita-ricreative","servizi-della-residenza-direttore-sanitario","servizi-della-residenza-estetista","servizi-della-residenza-fisioterapia","servizi-della-residenza-ingresso-immediato","servizi-della-residenza-parrucchiere","servizi-della-residenza-percorsi-fisioterapici-personalizzati","servizi-della-residenza-portineria","servizi-della-residenza-servizio-lavanderia","servizi-della-residenza-servizio-ristorazione-con-diete-personalizzate","servizi-della-residenza-servizio-terapeutico-riabilitativo","servizi-della-residenza-supporto-psicologico","servizi-della-residenza-terapia-occupazionale","servizi-della-residenza-trasporto-con-pulmino-attrezzato","societa-rsa-sereni-orizzonti-1","stato-struttura-attiva","il-nostro-servizio-residenze-sanitarie-per-anziani","il-nostro-servizio-strutture-per-disabili"],"acf":[],"_links":{"self":[{"href":"https:\/\/sereniorizzonti.it\/es\/wp-json\/wp\/v2\/residenza\/32344","targetHints":{"allow":["GET"]}}],"collection":[{"href":"https:\/\/sereniorizzonti.it\/es\/wp-json\/wp\/v2\/residenza"}],"about":[{"href":"https:\/\/sereniorizzonti.it\/es\/wp-json\/wp\/v2\/types\/residenza"}],"version-history":[{"count":0,"href":"https:\/\/sereniorizzonti.it\/es\/wp-json\/wp\/v2\/residenza\/32344\/revisions"}],"wp:featuredmedia":[{"embeddable":true,"href":"https:\/\/sereniorizzonti.it\/es\/wp-json\/wp\/v2\/media\/33105"}],"wp:attachment":[{"href":"https:\/\/sereniorizzonti.it\/es\/wp-json\/wp\/v2\/media?parent=32344"}],"wp:term":[{"taxonomy":"area-goegrafica-residenza","embeddable":true,"href":"https:\/\/sereniorizzonti.it\/es\/wp-json\/wp\/v2\/area-goegrafica-residenza?post=32344"},{"taxonomy":"provincia-residenza","embeddable":true,"href":"https:\/\/sereniorizzonti.it\/es\/wp-json\/wp\/v2\/provincia-residenza?post=32344"},{"taxonomy":"regione-residenza","embeddable":true,"href":"https:\/\/sereniorizzonti.it\/es\/wp-json\/wp\/v2\/regione-residenza?post=32344"},{"taxonomy":"servizi-della-residenza","embeddable":true,"href":"https:\/\/sereniorizzonti.it\/es\/wp-json\/wp\/v2\/servizi-della-residenza?post=32344"},{"taxonomy":"societa-rsa","embeddable":true,"href":"https:\/\/sereniorizzonti.it\/es\/wp-json\/wp\/v2\/societa-rsa?post=32344"},{"taxonomy":"stato-struttura","embeddable":true,"href":"https:\/\/sereniorizzonti.it\/es\/wp-json\/wp\/v2\/stato-struttura?post=32344"},{"taxonomy":"il-nostro-servizio","embeddable":true,"href":"https:\/\/sereniorizzonti.it\/es\/wp-json\/wp\/v2\/il-nostro-servizio?post=32344"}],"curies":[{"name":"wp","href":"https:\/\/api.w.org\/{rel}","templated":true}]}}

RESIDENCIA 'Jazmín

<p>Situado frente al Parque Moretti, uno de los oasis verdes de la ciudad, el establecimiento de Via Podgora dispone de 48 plazas, distribuidas en habitaciones individuales, dobles y algunas cuádruples, todas con baño y una pequeña terraza.</p>



<p>Equipada con una sala de TV, un comedor y un gran salón, la residencia ofrece un entorno adecuado para que los huéspedes socialicen y para actividades de entretenimiento. También cuenta con un pequeño jardín exterior.</p>



<p>Como en todas las instalaciones de Sereni Orizzonti, los servicios médicos, de enfermería y de cuidados, la fisioterapia individual y de grupo y la animación están garantizados.</p>



<p>El personal médico y de enfermería altamente cualificado es un elemento de confianza y tranquilidad para los residentes de larga estancia, tanto autosuficientes como no autosuficientes, que necesitan cuidados y fisioterapia, respiro y atención diurna.</p>



<p>La cocina ofrece diversos platos de excelente calidad.</p>



<p>Para los familiares y allegados, el centro es fácilmente accesible porque la zona dispone de muchas plazas de aparcamiento. También está bien comunicado por autobuses de transporte público.<br>El centro también tiene un acuerdo con algunas asociaciones para transportar a los huéspedes a reconocimientos médicos externos.</p>
