{"id":32342,"date":"2024-07-31T14:45:35","date_gmt":"2024-07-31T12:45:35","guid":{"rendered":"https:\/\/sereniorizzonti.it\/?post_type=residenza&#038;p=32342"},"modified":"2025-09-19T10:58:46","modified_gmt":"2025-09-19T08:58:46","slug":"residenza-tre-cuori-fontanafredda","status":"publish","type":"residenza","link":"https:\/\/sereniorizzonti.it\/es\/residenza\/residenza-tre-cuori-fontanafredda\/","title":{"rendered":"RESIDENCIA 'Tres Corazones"},"content":{"rendered":"<p>Las nuevas instalaciones de Viale dello Sport podr\u00e1n acoger a 120 ancianos no autosuficientes. Para la comunidad, se trata de una oportunidad importante, teniendo en cuenta que el acuerdo con la administraci\u00f3n municipal tambi\u00e9n prev\u00e9 la renovaci\u00f3n de la parte de servicios de la policl\u00ednica, que estar\u00e1 situada detr\u00e1s del nuevo edificio: iluminaci\u00f3n en Viale del Parco, plazas de aparcamiento, un parque p\u00fablico con una pista de bochas contigua y un sistema de videovigilancia.<br>El proyecto consiste en un edificio de tres plantas en forma de \"H\", distribuido en cinco n\u00facleos separados (tres de 20 camas y dos de 30) con control de acceso para controlar los movimientos de los residentes con demencia. Hay un aparcamiento con 34 plazas para las visitas de familiares. En la planta baja se encuentran la recepci\u00f3n, las oficinas administrativas, un gimnasio para la rehabilitaci\u00f3n, vestuarios para mujeres y hombres, una consulta externa, una sala de servicios personales, una cocina, una sala de estar para la socializaci\u00f3n comunitaria y una sala de culto. Tanto en la primera como en la segunda planta hay un comedor com\u00fan, aseos para invitados y dos alojamientos que constan de 10 habitaciones individuales y 20 dobles.\u00a0<br>Todas las habitaciones son amplias y luminosas, cada una con su propio cuarto de ba\u00f1o para minusv\u00e1lidos, c\u00f3modamente amuebladas y equipadas con camas motorizadas, persianas con persianas dom\u00f3ticas, sistema de llamada y sensores de incendio. En cada planta hay un cuarto de ba\u00f1o asistido con ducha camilla o silla de ducha.<br>Las habitaciones est\u00e1n equipadas con ventilaci\u00f3n mec\u00e1nica controlada (VMC), que permite un cambio de aire limpio y seco en las habitaciones sin tener que abrir las ventanas pero recuperando el calor que se expulsa del aire. La climatizaci\u00f3n est\u00e1 dise\u00f1ada para ofrecer a los hu\u00e9spedes el m\u00e1ximo confort y seguridad: la climatizaci\u00f3n de invierno se realiza mediante un sistema de calefacci\u00f3n por suelo radiante (y, por tanto, sin radiadores), mientras que la climatizaci\u00f3n de verano se realiza mediante un innovador sistema que enfr\u00eda las habitaciones sin molestas corrientes de aire.<\/p>","protected":false},"featured_media":33085,"template":"","meta":{"_acf_changed":false},"area-goegrafica-residenza":[107],"provincia-residenza":[],"regione-residenza":[65],"servizi-della-residenza":[108,109,110,111,112,113,114,116,117,140,119,120,121,142],"societa-rsa":[135],"stato-struttura":[57],"il-nostro-servizio":[61],"class_list":["post-32342","residenza","type-residenza","status-publish","has-post-thumbnail","hentry","area-goegrafica-residenza-italia","regione-residenza-friuli-venezia-giulia","servizi-della-residenza-assistenza-infermieristica","servizi-della-residenza-assistenza-medica","servizi-della-residenza-assistenza-religiosa","servizi-della-residenza-attivita-ricreative","servizi-della-residenza-estetista","servizi-della-residenza-fisioterapia","servizi-della-residenza-ingresso-immediato","servizi-della-residenza-parrucchiere","servizi-della-residenza-percorsi-fisioterapici-personalizzati","servizi-della-residenza-pet-therapy","servizi-della-residenza-servizio-lavanderia","servizi-della-residenza-servizio-ristorazione-con-diete-personalizzate","servizi-della-residenza-servizio-terapeutico-riabilitativo","servizi-della-residenza-supporto-psicologico","societa-rsa-sereni-orizzonti-1","stato-struttura-attiva","il-nostro-servizio-residenze-sanitarie-per-anziani"],"acf":[],"_links":{"self":[{"href":"https:\/\/sereniorizzonti.it\/es\/wp-json\/wp\/v2\/residenza\/32342","targetHints":{"allow":["GET"]}}],"collection":[{"href":"https:\/\/sereniorizzonti.it\/es\/wp-json\/wp\/v2\/residenza"}],"about":[{"href":"https:\/\/sereniorizzonti.it\/es\/wp-json\/wp\/v2\/types\/residenza"}],"version-history":[{"count":1,"href":"https:\/\/sereniorizzonti.it\/es\/wp-json\/wp\/v2\/residenza\/32342\/revisions"}],"predecessor-version":[{"id":41941,"href":"https:\/\/sereniorizzonti.it\/es\/wp-json\/wp\/v2\/residenza\/32342\/revisions\/41941"}],"wp:featuredmedia":[{"embeddable":true,"href":"https:\/\/sereniorizzonti.it\/es\/wp-json\/wp\/v2\/media\/33085"}],"wp:attachment":[{"href":"https:\/\/sereniorizzonti.it\/es\/wp-json\/wp\/v2\/media?parent=32342"}],"wp:term":[{"taxonomy":"area-goegrafica-residenza","embeddable":true,"href":"https:\/\/sereniorizzonti.it\/es\/wp-json\/wp\/v2\/area-goegrafica-residenza?post=32342"},{"taxonomy":"provincia-residenza","embeddable":true,"href":"https:\/\/sereniorizzonti.it\/es\/wp-json\/wp\/v2\/provincia-residenza?post=32342"},{"taxonomy":"regione-residenza","embeddable":true,"href":"https:\/\/sereniorizzonti.it\/es\/wp-json\/wp\/v2\/regione-residenza?post=32342"},{"taxonomy":"servizi-della-residenza","embeddable":true,"href":"https:\/\/sereniorizzonti.it\/es\/wp-json\/wp\/v2\/servizi-della-residenza?post=32342"},{"taxonomy":"societa-rsa","embeddable":true,"href":"https:\/\/sereniorizzonti.it\/es\/wp-json\/wp\/v2\/societa-rsa?post=32342"},{"taxonomy":"stato-struttura","embeddable":true,"href":"https:\/\/sereniorizzonti.it\/es\/wp-json\/wp\/v2\/stato-struttura?post=32342"},{"taxonomy":"il-nostro-servizio","embeddable":true,"href":"https:\/\/sereniorizzonti.it\/es\/wp-json\/wp\/v2\/il-nostro-servizio?post=32342"}],"curies":[{"name":"wp","href":"https:\/\/api.w.org\/{rel}","templated":true}]}}

<p>Las nuevas instalaciones de Viale dello Sport podrán acoger a 120 ancianos no autosuficientes. Para la comunidad, se trata de una oportunidad importante, teniendo en cuenta que el acuerdo con la administración municipal también prevé la renovación de la parte de servicios de la policlínica, que estará situada detrás del nuevo edificio: iluminación en Viale del Parco, plazas de aparcamiento, un parque público con una pista de bochas contigua y un sistema de videovigilancia.<br>El proyecto consiste en un edificio de tres plantas en forma de "H", distribuido en cinco núcleos separados (tres de 20 camas y dos de 30) con control de acceso para controlar los movimientos de los residentes con demencia. Hay un aparcamiento con 34 plazas para las visitas de familiares. En la planta baja se encuentran la recepción, las oficinas administrativas, un gimnasio para la rehabilitación, vestuarios para mujeres y hombres, una consulta externa, una sala de servicios personales, una cocina, una sala de estar para la socialización comunitaria y una sala de culto. Tanto en la primera como en la segunda planta hay un comedor común, aseos para invitados y dos alojamientos que constan de 10 habitaciones individuales y 20 dobles. <br>Todas las habitaciones son amplias y luminosas, cada una con su propio cuarto de baño para minusválidos, cómodamente amuebladas y equipadas con camas motorizadas, persianas con persianas domóticas, sistema de llamada y sensores de incendio. En cada planta hay un cuarto de baño asistido con ducha camilla o silla de ducha.<br>Las habitaciones están equipadas con ventilación mecánica controlada (VMC), que permite un cambio de aire limpio y seco en las habitaciones sin tener que abrir las ventanas pero recuperando el calor que se expulsa del aire. La climatización está diseñada para ofrecer a los huéspedes el máximo confort y seguridad: la climatización de invierno se realiza mediante un sistema de calefacción por suelo radiante (y, por tanto, sin radiadores), mientras que la climatización de verano se realiza mediante un innovador sistema que enfría las habitaciones sin molestas corrientes de aire.</p>
