{"id":32336,"date":"2024-07-31T14:38:14","date_gmt":"2024-07-31T12:38:14","guid":{"rendered":"https:\/\/sereniorizzonti.it\/?post_type=residenza&#038;p=32336"},"modified":"2025-02-07T14:22:49","modified_gmt":"2025-02-07T13:22:49","slug":"rsa-il-poggio","status":"publish","type":"residenza","link":"https:\/\/sereniorizzonti.it\/es\/residenza\/rsa-il-poggio\/","title":{"rendered":"CDR \"Il Poggio"},"content":{"rendered":"<p>La casa de reposo \"Il Poggio\" es un centro residencial de 50 camas para el alojamiento a corto o largo plazo de personas mayores autosuficientes. <\/p>\n\n\n\n<p>Los cuidados se organizan sobre la base de proyectos individuales para cada hu\u00e9sped, con el fin de estimular un uso correcto y constante de sus capacidades residuales y promover y facilitar las relaciones interpersonales dentro del centro.<\/p>\n\n\n\n<p>El alojamiento es posible en habitaciones individuales o dobles con ba\u00f1o privado y TV. Tambi\u00e9n hay zonas comunes y un acogedor comedor con TV y radio.<\/p>\n\n\n\n<p>En la casa de reposo se llevan a cabo actividades de entretenimiento, ocupacionales o recreativo-culturales, seg\u00fan programas elaborados por operadores especializados y puestos en conocimiento de los hu\u00e9spedes y sus familias, con el fin de estimular su participaci\u00f3n. Los recursos invertidos en este sector han demostrado ser capaces de mantener o mejorar el estado psicof\u00edsico de los hu\u00e9spedes: por eso \"Il Poggio\" pone a su disposici\u00f3n un animador tres d\u00edas a la semana. Entre las diversas propuestas se organizan juegos, fiestas, sesiones de psicomotricidad y excursiones. El servicio de animaci\u00f3n se organiza y personaliza seg\u00fan los proyectos individuales de cada hu\u00e9sped.<\/p>\n\n\n\n<p>Si se desea, se proporciona asistencia religiosa: la residencia celebra la Santa Misa con la participaci\u00f3n de la parroquia de San Lazzaro di Savena.<\/p>","protected":false},"featured_media":33082,"template":"","meta":{"_acf_changed":false},"area-goegrafica-residenza":[107],"provincia-residenza":[77],"regione-residenza":[67],"servizi-della-residenza":[108,109,110,111,114,116,117,119,121,122],"societa-rsa":[135],"stato-struttura":[57],"il-nostro-servizio":[61],"class_list":["post-32336","residenza","type-residenza","status-publish","has-post-thumbnail","hentry","area-goegrafica-residenza-italia","provincia-residenza-bologna-emilia-romagna","regione-residenza-emilia-romagna","servizi-della-residenza-assistenza-infermieristica","servizi-della-residenza-assistenza-medica","servizi-della-residenza-assistenza-religiosa","servizi-della-residenza-attivita-ricreative","servizi-della-residenza-ingresso-immediato","servizi-della-residenza-parrucchiere","servizi-della-residenza-percorsi-fisioterapici-personalizzati","servizi-della-residenza-servizio-lavanderia","servizi-della-residenza-servizio-terapeutico-riabilitativo","servizi-della-residenza-terapia-occupazionale","societa-rsa-sereni-orizzonti-1","stato-struttura-attiva","il-nostro-servizio-residenze-sanitarie-per-anziani"],"acf":[],"_links":{"self":[{"href":"https:\/\/sereniorizzonti.it\/es\/wp-json\/wp\/v2\/residenza\/32336","targetHints":{"allow":["GET"]}}],"collection":[{"href":"https:\/\/sereniorizzonti.it\/es\/wp-json\/wp\/v2\/residenza"}],"about":[{"href":"https:\/\/sereniorizzonti.it\/es\/wp-json\/wp\/v2\/types\/residenza"}],"version-history":[{"count":1,"href":"https:\/\/sereniorizzonti.it\/es\/wp-json\/wp\/v2\/residenza\/32336\/revisions"}],"predecessor-version":[{"id":41477,"href":"https:\/\/sereniorizzonti.it\/es\/wp-json\/wp\/v2\/residenza\/32336\/revisions\/41477"}],"wp:featuredmedia":[{"embeddable":true,"href":"https:\/\/sereniorizzonti.it\/es\/wp-json\/wp\/v2\/media\/33082"}],"wp:attachment":[{"href":"https:\/\/sereniorizzonti.it\/es\/wp-json\/wp\/v2\/media?parent=32336"}],"wp:term":[{"taxonomy":"area-goegrafica-residenza","embeddable":true,"href":"https:\/\/sereniorizzonti.it\/es\/wp-json\/wp\/v2\/area-goegrafica-residenza?post=32336"},{"taxonomy":"provincia-residenza","embeddable":true,"href":"https:\/\/sereniorizzonti.it\/es\/wp-json\/wp\/v2\/provincia-residenza?post=32336"},{"taxonomy":"regione-residenza","embeddable":true,"href":"https:\/\/sereniorizzonti.it\/es\/wp-json\/wp\/v2\/regione-residenza?post=32336"},{"taxonomy":"servizi-della-residenza","embeddable":true,"href":"https:\/\/sereniorizzonti.it\/es\/wp-json\/wp\/v2\/servizi-della-residenza?post=32336"},{"taxonomy":"societa-rsa","embeddable":true,"href":"https:\/\/sereniorizzonti.it\/es\/wp-json\/wp\/v2\/societa-rsa?post=32336"},{"taxonomy":"stato-struttura","embeddable":true,"href":"https:\/\/sereniorizzonti.it\/es\/wp-json\/wp\/v2\/stato-struttura?post=32336"},{"taxonomy":"il-nostro-servizio","embeddable":true,"href":"https:\/\/sereniorizzonti.it\/es\/wp-json\/wp\/v2\/il-nostro-servizio?post=32336"}],"curies":[{"name":"wp","href":"https:\/\/api.w.org\/{rel}","templated":true}]}}

<p>La casa de reposo "Il Poggio" es un centro residencial de 50 camas para el alojamiento a corto o largo plazo de personas mayores autosuficientes. </p>



<p>Los cuidados se organizan sobre la base de proyectos individuales para cada huésped, con el fin de estimular un uso correcto y constante de sus capacidades residuales y promover y facilitar las relaciones interpersonales dentro del centro.</p>



<p>El alojamiento es posible en habitaciones individuales o dobles con baño privado y TV. También hay zonas comunes y un acogedor comedor con TV y radio.</p>



<p>En la casa de reposo se llevan a cabo actividades de entretenimiento, ocupacionales o recreativo-culturales, según programas elaborados por operadores especializados y puestos en conocimiento de los huéspedes y sus familias, con el fin de estimular su participación. Los recursos invertidos en este sector han demostrado ser capaces de mantener o mejorar el estado psicofísico de los huéspedes: por eso "Il Poggio" pone a su disposición un animador tres días a la semana. Entre las diversas propuestas se organizan juegos, fiestas, sesiones de psicomotricidad y excursiones. El servicio de animación se organiza y personaliza según los proyectos individuales de cada huésped.</p>



<p>Si se desea, se proporciona asistencia religiosa: la residencia celebra la Santa Misa con la participación de la parroquia de San Lazzaro di Savena.</p>
