{"id":31331,"date":"2024-05-28T21:40:57","date_gmt":"2024-05-28T19:40:57","guid":{"rendered":"https:\/\/sereniorizzonti.it\/?post_type=residenza&#038;p=31331"},"modified":"2025-05-21T16:50:06","modified_gmt":"2025-05-21T14:50:06","slug":"rsa-villa-tuscolana","status":"publish","type":"residenza","link":"https:\/\/sereniorizzonti.it\/es\/residenza\/rsa-villa-tuscolana\/","title":{"rendered":"RSA 'Villa Tuscolana"},"content":{"rendered":"<p>Situado en la zona de Cinecitt\u00e0, a unos cien metros de la parada de metro, el RSA Villa Tuscolana puede alojar a 52 pacientes no autosuficientes en habitaciones dobles, triples y cu\u00e1druples equipadas con aire acondicionado y ba\u00f1os asistidos.<\/p>\n\n\n\n<p>En las instalaciones se prestan diariamente servicios m\u00e9dicos, de enfermer\u00eda y de rehabilitaci\u00f3n. El catering lo proporciona externamente una empresa cuidadosamente seleccionada.<\/p>\n\n\n\n<p>Hay un gimnasio equipado para la rehabilitaci\u00f3n, as\u00ed como una sala de estar y salas polivalentes donde los hu\u00e9spedes pueden socializar y realizar actividades manuales y recreativas que ayudan a estimular y mantener las funciones cognitivas.<\/p>\n\n\n\n<p>El m\u00e9dico responsable es el Dr. Fulvio Tomaselli: tel. 06\/7651031, villatuscolana.roma@sereniorizzonti.it.<\/p>\n\n\n\n<p>La instalaci\u00f3n est\u00e1 acreditada como R.S.A. Mantenimento Alto en virtud del D.C.A. de la Regi\u00f3n Lazio de fecha 07\/08\/2019 n\u00ba U00350.<\/p>\n\n\n\n<p><\/p>\n\n\n\n<p><\/p>\n\n\n\n<p><\/p>","protected":false},"featured_media":31332,"template":"","meta":{"_acf_changed":false},"area-goegrafica-residenza":[107],"provincia-residenza":[96],"regione-residenza":[74],"servizi-della-residenza":[108,109,110,111,124,113,155,115,117,118,154,153,120,121,122,123],"societa-rsa":[135],"stato-struttura":[57],"il-nostro-servizio":[61],"class_list":["post-31331","residenza","type-residenza","status-publish","has-post-thumbnail","hentry","area-goegrafica-residenza-italia","provincia-residenza-roma-lazio","regione-residenza-lazio","servizi-della-residenza-assistenza-infermieristica","servizi-della-residenza-assistenza-medica","servizi-della-residenza-assistenza-religiosa","servizi-della-residenza-attivita-ricreative","servizi-della-residenza-direttore-sanitario","servizi-della-residenza-fisioterapia","servizi-della-residenza-ingresso-immediato-in-base-alla-lista-dattesa-e-alla-disponibilita-di-posti-letto","servizi-della-residenza-musicoterapia","servizi-della-residenza-percorsi-fisioterapici-personalizzati","servizi-della-residenza-portineria","servizi-della-residenza-servizio-lavanderia-a-carico-dellospite","servizi-della-residenza-servizio-parrucchiere-a-carico-dellospite","servizi-della-residenza-servizio-ristorazione-con-diete-personalizzate","servizi-della-residenza-servizio-terapeutico-riabilitativo","servizi-della-residenza-terapia-occupazionale","servizi-della-residenza-trasporto-con-pulmino-attrezzato","societa-rsa-sereni-orizzonti-1","stato-struttura-attiva","il-nostro-servizio-residenze-sanitarie-per-anziani"],"acf":[],"_links":{"self":[{"href":"https:\/\/sereniorizzonti.it\/es\/wp-json\/wp\/v2\/residenza\/31331","targetHints":{"allow":["GET"]}}],"collection":[{"href":"https:\/\/sereniorizzonti.it\/es\/wp-json\/wp\/v2\/residenza"}],"about":[{"href":"https:\/\/sereniorizzonti.it\/es\/wp-json\/wp\/v2\/types\/residenza"}],"version-history":[{"count":32,"href":"https:\/\/sereniorizzonti.it\/es\/wp-json\/wp\/v2\/residenza\/31331\/revisions"}],"predecessor-version":[{"id":41754,"href":"https:\/\/sereniorizzonti.it\/es\/wp-json\/wp\/v2\/residenza\/31331\/revisions\/41754"}],"wp:featuredmedia":[{"embeddable":true,"href":"https:\/\/sereniorizzonti.it\/es\/wp-json\/wp\/v2\/media\/31332"}],"wp:attachment":[{"href":"https:\/\/sereniorizzonti.it\/es\/wp-json\/wp\/v2\/media?parent=31331"}],"wp:term":[{"taxonomy":"area-goegrafica-residenza","embeddable":true,"href":"https:\/\/sereniorizzonti.it\/es\/wp-json\/wp\/v2\/area-goegrafica-residenza?post=31331"},{"taxonomy":"provincia-residenza","embeddable":true,"href":"https:\/\/sereniorizzonti.it\/es\/wp-json\/wp\/v2\/provincia-residenza?post=31331"},{"taxonomy":"regione-residenza","embeddable":true,"href":"https:\/\/sereniorizzonti.it\/es\/wp-json\/wp\/v2\/regione-residenza?post=31331"},{"taxonomy":"servizi-della-residenza","embeddable":true,"href":"https:\/\/sereniorizzonti.it\/es\/wp-json\/wp\/v2\/servizi-della-residenza?post=31331"},{"taxonomy":"societa-rsa","embeddable":true,"href":"https:\/\/sereniorizzonti.it\/es\/wp-json\/wp\/v2\/societa-rsa?post=31331"},{"taxonomy":"stato-struttura","embeddable":true,"href":"https:\/\/sereniorizzonti.it\/es\/wp-json\/wp\/v2\/stato-struttura?post=31331"},{"taxonomy":"il-nostro-servizio","embeddable":true,"href":"https:\/\/sereniorizzonti.it\/es\/wp-json\/wp\/v2\/il-nostro-servizio?post=31331"}],"curies":[{"name":"wp","href":"https:\/\/api.w.org\/{rel}","templated":true}]}}

<p>Situado en la zona de Cinecittà, a unos cien metros de la parada de metro, el RSA Villa Tuscolana puede alojar a 52 pacientes no autosuficientes en habitaciones dobles, triples y cuádruples equipadas con aire acondicionado y baños asistidos.</p>



<p>En las instalaciones se prestan diariamente servicios médicos, de enfermería y de rehabilitación. El catering lo proporciona externamente una empresa cuidadosamente seleccionada.</p>



<p>Hay un gimnasio equipado para la rehabilitación, así como una sala de estar y salas polivalentes donde los huéspedes pueden socializar y realizar actividades manuales y recreativas que ayudan a estimular y mantener las funciones cognitivas.</p>



<p>El médico responsable es el Dr. Fulvio Tomaselli: tel. 06/7651031, villatuscolana.roma@sereniorizzonti.it.</p>



<p>La instalación está acreditada como R.S.A. Mantenimento Alto en virtud del D.C.A. de la Región Lazio de fecha 07/08/2019 nº U00350.</p>



<p></p>



<p></p>



<p></p>
